n + 3*x. Let h = -1 - n. Determine f(h).
-7
Let d(m) = -m**3 - 5*m**2 - 3*m - 3. Let i be 42/35*(-30)/9. Determine d(i).
-7
Let u(d) be the second derivative of -d**6/360 - d**5/30 + d**4/24 + d**3/3 + 2*d. Let x(s) be the second derivative of u(s). Determine x(-5).
-4
Let x(p) = -2*p**3 + 3*p**2 + p - 2. Suppose 5*h = -5*k, 0*k + 3*k = -3. Suppose -2*s = o + 3 - 0, -6 = o + 5*s. Let c be 1 + o*h/(-1). What is x(c)?
-4
Let b(p) = 4*p - 10. Let j(q) = -q + 3. Let k(s) = -2*b(s) - 7*j(s). Suppose -3*f + 10 = 2*f. Suppose -2*h + 4*y = -1 + 3, -f*h + 13 = y. Give k(h).
-6
Let m(y) = -1 - y + 4 - 4 - 7. Give m(-8).
0
Let f(o) = o + 4. Let j be f(0). Let v(d) = 6*d + j*d**2 - 1 - 3*d**2 - 13*d. Give v(6).
-7
Let s(c) = -c**3 - 3*c**2 - 2*c - 3. Let w = -15 - -12. Determine s(w).
3
Let d(n) = -n**3 + 6*n**2 + 6*n + 10. Let y be d(7). Let t(g) = 5 + y - g - 4. Suppose 0 = -5*i + o + 16, -4*i + 13 = -0*i - o. Determine t(i).
1
Let n = 2 - 2. Let y = -2 - n. Let o(u) = 4*u - 5*u + 6 - 1 - 4. Calculate o(y).
3
Let n(x) = -x. Let c(s) = 6*s**2 - s. Suppose 4 = -2*r + 2. Let v(w) = r*c(w) + 2*n(w). Suppose 1 - 2 = -k. Determine v(k).
-7
Let s(z) = -z**3 - z - 1. Let j(u) = u**3 - u**2 + u + 2. Let o(c) = -j(c) - 2*s(c). Give o(0).
0
Let i(q) = q**3 + 5*q**2 + 3*q - 5. Let m be i(-4). Let x(z) = -4*z - 4. Suppose 21 = -4*t + 1. Let g(j) = j + 1. Let o(p) = t*g(p) - x(p). Determine o(m).
0
Let m(v) = -v - 6. Let z(d) = d**3 - 5*d**2 - 4*d - 3. Let p be z(6). Suppose 39 = 5*b + p. Calculate m(b).
-12
Let i(g) = -2*g + 2. Let t = 13 - -4. Suppose 3 = -4*d - t. Determine i(d).
12
Let h(t) = -t**2 - 2*t + 4. Suppose 10 + 6 = -2*q + 5*i, -i = -q - 5. Give h(q).
1
Let f(h) = 2*h - 1. Suppose 15 - 25 = 5*i. Give f(i).
-5
Let w(m) = 6*m + 11. Let g(f) = 17*f + 32. Let y(l) = -3*g(l) + 8*w(l). What is y(-6)?
10
Let j(p) = 15 - 16 + 5*p + p**2 - p. Suppose 4*m - 2*z = -18, -5*z - 1 - 10 = 4*m. Calculate j(m).
-1
Let s(n) = -n**3 - 4*n**2 + 7*n + 9. Let w be s(-5). Let z(v) = 12*v**2 - 5. Let c(r) = 13*r**2 - 6. Let j(x) = 5*c(x) - 6*z(x). Calculate j(w).
-7
Let l(u) = -u**3 - 8*u**2 - 6*u + 10. Let r = -5 + -2. Let q be l(r). Let g(i) = i**2 - 2*i. Let t be g(q). Let x(v) = 2*v - 3. What is x(t)?
3
Let i(m) = -2*m**2 - 2 + 1 - 4*m**2 + 4*m**2. Suppose -2 = -2*s - 0*s. Give i(s).
-3
Let g be 2*(-5)/(-2) - (0 + 1). Let d(l) be the first derivative of -l**3/3 + 5*l**2/2 - 4*l - 1. Calculate d(g).
0
Suppose 5*n - 4*l + 8 = -14, 0 = -3*n + 3*l - 15. Suppose -10 = -5*k + 15. Let y(c) = -k + 0*c + 3 - c + 4. Calculate y(n).
4
Suppose -4*c + 5 - 29 = 0. Let p be (c/9)/((-3)/18). Let a(l) = -3*l + 5 + p*l**2 - l + 0*l + l**3. Calculate a(-5).
0
Let q(a) = -3*a**3 - 2*a**2 - a. Suppose -4*s = -16, 2*s + 2*s = 5*i + 21. What is q(i)?
2
Let u(v) = 6*v - 2. Let f be u(1). Let s(a) be the second derivative of a**3/6 + a. Calculate s(f).
4
Let z(s) = -s**3 - 2*s**2 + 4*s + 4. Let p be z(-3). Let t(y) = p + y + 0 + 5 - 1. What is t(-4)?
1
Let d = -39 + 43. Let m(s) be the third derivative of 0 + 1/60*s**5 + 0*s + 1/3*s**3 + s**2 + 1/24*s**d. Determine m(-2).
4
Suppose 3*v - 4*p - 38 = 30, -27 = -v - 3*p. Let x = v - 18. Let u(y) = -y**3 + 7*y**2 - 3*y - 8. Calculate u(x).
10
Let l(g) be the first derivative of -g**6/90 + g**5/40 - 2*g**3/3 + 3. Let y(v) be the third derivative of l(v). What is y(2)?
-10
Let z(m) = -5*m**3 - 5*m**2 - 6*m. Let q(y) = y**3 + y**2 + y. Let h(o) = -6*q(o) - z(o). What is h(-3)?
18
Let p(d) = 8*d**2 - 3*d + 2. Let n = -19 + 20. Determine p(n).
7
Let b = -5 - -2. Let a(s) = 2*s**2 + s - 17. Let c(p) = -p**2 + 6. Let l(n) = b*a(n) - 8*c(n). Let d(w) = -w**2 + 7*w + 2. Let g be d(7). What is l(g)?
5
Let c(v) = -v**2 + 4*v + 8. Let y be c(6). Let u be 28/6 - 4/6. Let o(z) = 0*z**2 - 2 - 3*z**3 + u*z**3 - 3 + 2*z**2 - 7*z. What is o(y)?
-9
Let k(h) = h - 1. Let w be k(1). Let n(i) = i - i**2 + w*i**3 - 4*i**2 + i**3. Determine n(5).
5
Let n(z) = -z + 2. Suppose o + 9 = 1. Let q = o + 14. What is n(q)?
-4
Let r(x) be the third derivative of 0 - 11/6*x**3 + 0*x + 1/60*x**5 + 1/24*x**4 - 8*x**2. What is r(0)?
-11
Let s be 1/4*2*2. Suppose 0*r = 4*r - 8. Let i(g) = 2. Let t(y) = -y - 1. Let c(h) = r*i(h) + 3*t(h). Give c(s).
-2
Let a(b) = -2*b**2 + 4*b - 2. Let h be ((-6)/(-9))/((-4)/6). Let z = h - -3. Determine a(z).
-2
Let f(b) = 4. Let r(k) = -k - 1. Suppose 4*a - n - 8 = 0, -4*a + 13 + 7 = -4*n. Let c(q) = a*f(q) + 2*r(q). Let w = -3 - -6. Determine c(w).
-4
Let x be 11*(-3 + 5 - 3). Let m = x + 8. Let p(s) = 0*s - 1 + s + 3. Give p(m).
-1
Let s = 14 + -22. Let t(i) = i**3 + 7*i**2 - 6*i + 11. Determine t(s).
-5
Let l = 51 - 51. Let k(s) = 5*s + 5. Let z(w) = 4*w + 6. Let o(d) = 3*k(d) - 4*z(d). Calculate o(l).
-9
Let j(o) = -o**2 + 2*o + 3. Let f = -5 - -3. Let p be j(f). Let x(w) = 1 + 2*w**2 - 3*w**2 + 5 - 3*w. Determine x(p).
-4
Let k(d) = 2*d**2 - 5*d - 4*d**2 - 3*d**2 + d**3 - 5. Suppose 0 = 4*t - 3*t - 6. Give k(t).
1
Suppose 0*u - 5*u = -35. Let k(m) = -u*m + m**3 - 3 - 9*m**2 + 8 + 5*m**2. Let z(o) = -o**3 + 2*o + 1. Let r be z(-2). Determine k(r).
-5
Let l(x) = -x**2 + 6*x - 5. Let a(i) = -i**2 - 8*i - 1. Let y be a(-7). Calculate l(y).
-5
Suppose -24*r = -25*r. Let s(w) be the third derivative of -1/8*w**4 + 0*w + r - 1/30*w**5 - 1/2*w**3 - 2*w**2. Determine s(-2).
-5
Let b(d) = 3*d + 4. Let z(h) = 1. Let g(k) = -6. Let r(u) = g(u) + 5*z(u). Let f(p) = b(p) - 3*r(p). Let j be ((-2)/4)/((-1)/(-10)). What is f(j)?
-8
Suppose 1 + 6 = 7*c. Let t(z) = -z + 1. Determine t(c).
0
Let x be ((-36)/8)/((-6)/(-8)). Let o(m) = -m**3 - 6*m**2 + 8. Determine o(x).
8
Let i be 1/(-4) + 42/8. Suppose -4*j = j - 15. Let d(l) = 0*l - 3 - j + 0*l + l. Determine d(i).
-1
Suppose -3 = 4*s + 5. Let u(p) be the second derivative of 0*p**3 - 1/2*p**2 - 1/12*p**4 + 0 - 2*p. Calculate u(s).
-5
Let w(g) be the first derivative of g**4/4 + 7*g**3/3 + g**2/2 + 9*g + 2. Let v be w(-7). Let b(t) = -t**3 + t**2 + t + 2. Give b(v).
0
Let y(m) be the first derivative of m**2 + 10. Determine y(4).
8
Let f be 7/((-7)/(-2)) - (-10)/2. Let i(w) = -w**2 + 5*w + 7. What is i(f)?
-7
Let d be -6 - 3*(-2)/3. Let v(n) = -n**2 - 5*n - 6. Let a be v(d). Let h(m) be the first derivative of m**4/4 - m**3/3 - 3*m**2/2 - 2*m - 5. Calculate h(a).
-8
Let n(y) = -3*y - 1. Let p(t) = 4*t + 2. Suppose -5*b - 3*x = 0, 4*b - 5*x - 37 = -0*b. Let j(u) = b*n(u) + 2*p(u). What is j(-1)?
2
Let d be (-2 + 5/2)/((-1)/14). Let g(b) = b**3 + 6*b**2 - 6*b + 7. Calculate g(d).
0
Let v(u) = 3 + u**3 + 4 - u**2 + 4*u**2 - 5*u - 3. Let l(b) = 3*b**3 + 8*b**2 - 15*b + 11. Let y(z) = 6*l(z) - 17*v(z). What is y(4)?
-6
Suppose 6*s - 3 = -27. Let r(z) = -z**2 - z + 1. Let m(n) = n**3 + 10*n**2 + 6*n - 9. Let q(t) = -m(t) - 6*r(t). What is q(s)?
3
Let w be (7/14)/((-1)/(-2)). Let v(s) be the first derivative of 1/2*s**2 + w - 2*s. Give v(3).
1
Let l(w) be the second derivative of -w**4/12 + 6*w**2 + 26*w. What is l(0)?
12
Let w = 5 - 1. Suppose -w*o - 10 = 5*c - 47, 0 = -o + 3. Let u(x) = x**2 - 7*x + 6. Give u(c).
-4
Let o(a) = a**2 + 1. Let i(n) = 4*n**2 - 6*n + 5. Let x(v) = i(v) - 5*o(v). Calculate x(-5).
5
Let r = 9 - -3. Suppose 2*z = -z + r. Let t(y) = 1 - y**2 + 3 + z*y - 3. Calculate t(3).
4
Suppose 4*v + 3*s = 14, -8*v = -10*v + s + 2. Let c(a) be the first derivative of 2*a - 2*a**v + 4 - 1/3*a**3. What is c(-5)?
-3
Let a(r) be the first derivative of 0*r - 1/3*r**3 + 0*r**2 + 1/360*r**6 + 0*r**5 - 2 + 1/24*r**4. Let l(k) be the third derivative of a(k). Determine l(-1).
2
Let h = 39 - 39. Let i(r) be the third derivative of 0*r**4 + h - r**2 + 7/6*r**3 + 1/60*r**5 + 0*r. What is i(0)?
7
Let f be 6/((-2)/(-1)) + -7. Let q(v) = v**2 + 4*v - 2. Let o be q(f). Let z(b) = -b**2 - 3*b - 3. Determine z(o).
-1
Let m = 2 - -1. Let a be 6/m*(-2)/4. Let t(z) = -5*z**3 + 5*z**2 - 2*z + 5. Let l(j) = 2*j**3 - 3*j**2 + j - 3. Let n(f) = 5*l(f) + 3*t(f). Determine n(a).
6
Let g(t) = t**2 - 6*t + 5. Suppose 2*y = 3*n + 3*y - 10, 5*n + 4*y = 26. Let f = 6 - n. Calculate g(f).
-3
Let v(p) = 2*p**2 - 11*p - 17. Let z be v(7). Let t(q) = q + 4. Calculate t(z).
8
Let c(w) = 8*w**2 - 8*w - 4. Let b(r) = 19*r**2 - 16*r - 6. Let z(q) = -3*b(q) + 7*c(q). Suppose -f - 35 = 5*j - 1, 3*j + 5*f = -16. Calculate z(j).
-3
Let r(z) = 3 - 3